rime?
False
Is 12286001855 prime?
False
Is 7300010593 prime?
True
Is 915512563 a prime number?
False
Is 41804795 a composite number?
True
Is 236823371 a composite number?
True
Is 503165903 a composite number?
False
Is 49813944461 composite?
True
Is 2323828517 a composite number?
False
Is 389154449 a composite number?
True
Is 5079403249 prime?
False
Is 3917264937 prime?
False
Is 4047619 composite?
False
Is 102002881 a prime number?
True
Is 717145069 a composite number?
True
Is 22149479899 a composite number?
False
Is 226165991 prime?
True
Is 7785199199 prime?
True
Is 229226807 composite?
False
Is 125822599 a prime number?
False
Is 15132146927 composite?
False
Is 10909875659 composite?
False
Is 13910703397 a composite number?
True
Is 35303503 prime?
True
Is 1564740509 prime?
True
Is 22811699749 composite?
True
Is 4632108413 a composite number?
False
Is 1415333669 a composite number?
False
Is 60797847809 prime?
True
Is 43089489761 a prime number?
True
Is 194919658111 prime?
True
Is 8019541279 prime?
False
Is 28030816453 composite?
True
Is 22398672481 a composite number?
True
Is 59327876849 a composite number?
True
Is 21363346001 a composite number?
False
Is 1631779231 a prime number?
True
Is 10126782629 a composite number?
True
Is 53848729169 a prime number?
True
Is 544175911 a composite number?
True
Is 22550846113 a prime number?
True
Is 4695138959 a prime number?
False
Is 103983224753 a prime number?
True
Is 3664842647 a composite number?
False
Is 707176069 a prime number?
False
Is 22191806521 a prime number?
True
Is 881281679 a prime number?
True
Is 74032066853 composite?
False
Is 334662049 composite?
True
Is 1102745543 a composite number?
False
Is 432702083 a prime number?
False
Is 601388987 a composite number?
False
Is 2549678179 composite?
True
Is 1373849299 composite?
True
Is 4924131343 prime?
True
Is 209387729 a composite number?
False
Is 12926136589 a prime number?
False
Is 1559002229 prime?
True
Is 16900653977 a prime number?
False
Is 8225749073 a composite number?
True
Is 24903703243 a composite number?
True
Is 1855697057 prime?
False
Is 38099593661 prime?
True
Is 311759249 a prime number?
True
Is 210718733 prime?
False
Is 910796699 prime?
False
Is 7670634187 a composite number?
False
Is 1627332373 a composite number?
True
Is 1975118141 a prime number?
True
Is 737870311 composite?
False
Is 817167277 prime?
True
Is 822831311 composite?
True
Is 2322360289 prime?
False
Is 96016157 a composite number?
True
Is 24555902551 a composite number?
True
Is 146704759 prime?
True
Is 12182267486 prime?
False
Is 6793548829 prime?
False
Is 111813719867 a composite number?
False
Is 87984294527 prime?
True
Is 1848458903 prime?
False
Is 3522881761 a prime number?
False
Is 194505539 a prime number?
False
Is 2842237513 a composite number?
True
Is 1916956802 a prime number?
False
Is 25490687129 a prime number?
True
Is 6359801597 composite?
True
Is 6988739669 prime?
True
Is 1520438893 composite?
True
Is 4486033603 a prime number?
True
Is 5513946343 prime?
False
Is 8147873317 a prime number?
True
Is 8208098011 a composite number?
True
Is 17281123127 composite?
False
Is 13985452535 a composite number?
True
Is 10462417853 prime?
True
Is 21883617307 prime?
False
Is 4468449289 composite?
False
Is 2931041699 composite?
True
Is 1164246319 a composite number?
True
Is 18261763903 a composite number?
False
Is 2306993201 prime?
True
Is 67722047483 composite?
False
Is 5253065141 prime?
False
Is 5184300839 a composite number?
True
Is 2499571951 prime?
False
Is 2933015167 composite?
True
Is 27023869 composite?
True
Is 908668471 prime?
True
Is 31751665093 prime?
True
Is 1722763211 prime?
False
Is 66109333299 a prime number?
False
Is 3725547517 a prime number?
True
Is 1229785901 a prime number?
True
Is 242968229 prime?
False
Is 350709077 a prime number?
True
Is 2455691549 a prime number?
True
Is 899555983 composite?
True
Is 562106755009 a prime number?
True
Is 66454305989 a composite number?
False
Is 28134507091 a prime number?
True
Is 3912021299 a composite number?
True
Is 565206179 a composite number?
True
Is 759400141 a prime number?
True
Is 16006994257 a prime number?
True
Is 11702337841 composite?
False
Is 3986054473 a prime number?
True
Is 813128051 prime?
True
Is 724829851 composite?
False
Is 1413501347 a composite number?
True
Is 26117916997 composite?
True
Is 670203727 composite?
False
Is 2112277993 a prime number?
False
Is 7552475899 a composite number?
True
Is 6751262591 a prime number?
True
Is 58503890503 a composite number?
False
Is 75268838111 a composite number?
False
Is 34789144231 composite?
False
Is 8267649427 composite?
False
Is 702679841 a composite number?
False
Is 2310003373 prime?
True
Is 1623944395 composite?
True
Is 117978943 composite?
False
Is 14595434237 a prime number?
True
Is 2726618053 prime?
False
Is 29981167663 prime?
True
Is 768492313 a prime number?
False
Is 27933041153 a prime number?
False
Is 4972381537 prime?
False
Is 37447062827 a composite number?
True
Is 142106677451 a composite number?
True
Is 63491314177 composite?
False
Is 3010880827 a prime number?
True
Is 375142607 prime?
False
Is 40705543633 a prime number?
True
Is 19899997543 composite?
False
Is 6369818107 a prime number?
True
Is 15157724821 prime?
True
Is 583757791 prime?
False
Is 448638899 a prime number?
True
Is 4415792089 prime?
True
Is 1426291751 a prime number?
False
Is 175200481 composite?
False
Is 1953353351 composite?
False
Is 19717389163 composite?
False
Is 4585272173 prime?
False
Is 889098127 composite?
False
Is 1073576939 composite?
False
Is 7603973389 a prime number?
False
Is 19857683191 composite?
True
Is 32896139 a composite number?
True
Is 901895923 composite?
False
Is 5765615543 prime?
True
Is 1201382771 prime?
True
Is 440721959 prime?
True
Is 3683048039 a composite number?
True
Is 13037000129 a prime number?
False
Is 605382677 prime?
True
Is 72365533087 prime?
False
Is 284244431 a composite number?
True
Is 83472811 prime?
False
Is 120594987031 prime?
False
Is 2769628231 prime?
True
Is 310460981 prime?
True
Is 91501676005 composite?
True
Is 26111147 a composite number?
True
Is 1819291099 composite?
True
Is 4730986441 prime?
True
Is 4318457413 composite?
True
Is 25509839657 a composite number?
False
Is 202248434 a prime number?
False
Is 430142915 composite?
True
Is 8323617541 composite?
False
Is 8636422313 prime?
True
Is 63135596419 a composite number?
True
Is 1105758947 composite?
True
Is 412146697 composite?
True
Is 1913567867 a prime number?
False
Is 3765175327 composite?
False
Is 7254923443 prime?
True
Is 13914340807 prime?
True
Is 33542934713 composite?
False
Is 15028729609 composite?
False
Is 3025398293 composite?
False
Is 2288767799 prime?
False
Is 1411981559 a prime number?
True
Is 1233807999 prime?
False
Is 230545377947 composite?
False
Is 12527483817 a composite number?
True
Is 25048194037 composite?
False
Is 387164615393 composite?
False
Is 112197461 a composite number?
False
Is 51601743013 a composite number?
False
Is 1023880657 a prime number?
True
Is 22026070433 composite?
False
Is 513948181 a composite number?
False
Is 16361205803 composite?
True
Is 54855108509 composite?
False
Is 414823649 a prime number?
False
Is 6710152913 a composite number?
False
Is 529313149 prime?
True
Is 41597911027 a composite number?
False
Is 22681278623 composite?
False
Is 420145389073 composite?
True
Is 2843874947 a prime number?
True
Is 265228367 a composite number?
True
Is 493258163 a prime number?
False
Is 1023189211 a prime number?
False
Is 2794530638 a prime number?
False
Is 2739800487 a composite number?
True
Is 72723614059 composite?
False
Is 75951233143 a prime number?
True
Is 340661189 a composite number?
True
Is 1523243041 a composite number?
False
Is 30162772121 a composite number?
True
Is 260614894 prime?
False
Is 1280729057 a prime number?
True
Is 14796945857 composite?
False
Is 9080079743 composite?
True
Is 879042673 prime?
False
Is 1077316219 prime?
False
Is 12818110517 prime?
False
Is 3028121581 prime?
False
Is 1600713781 a prime number?
True
Is 513586247 a prime number?
True
Is 1238966809 a prime number?
True
Is 103082369961 composite?
True
Is 1244194189 a composite number?
True
Is 67105924621 a composite number?
False
Is 791138111 a composite num